{"version":"1.0","provider_name":"Meu site jur\u00eddico","provider_url":"https:\/\/meusitejuridico.com.br","author_name":"Equipe Meu Site Jur\u00eddico","author_url":"https:\/\/meusitejuridico.com.br\/author\/equipe-meu-site-juridico\/","title":"De acordo com o C\u00f3digo Penal Militar, se o crime for cometido por inferiores juntamente com um ou mais oficiais, estes ser\u00e3o considerados cabe\u00e7as da a\u00e7\u00e3o delituosa - Meu site jur\u00eddico","type":"rich","width":600,"height":338,"html":"<blockquote class=\"wp-embedded-content\" data-secret=\"AwyLnvaLDQ\"><a href=\"https:\/\/meusitejuridico.com.br\/2021\/05\/26\/de-acordo-com-o-codigo-penal-militar-se-o-crime-cometido-por-inferiores-juntamente-com-um-ou-mais-oficiais-estes-serao-considerados-cabecas-da-acao-delituosa\/\">De acordo com o C\u00f3digo Penal Militar, se o crime for cometido por inferiores juntamente com um ou mais oficiais, estes ser\u00e3o considerados cabe\u00e7as da a\u00e7\u00e3o delituosa<\/a><\/blockquote><iframe sandbox=\"allow-scripts\" security=\"restricted\" src=\"https:\/\/meusitejuridico.com.br\/2021\/05\/26\/de-acordo-com-o-codigo-penal-militar-se-o-crime-cometido-por-inferiores-juntamente-com-um-ou-mais-oficiais-estes-serao-considerados-cabecas-da-acao-delituosa\/embed\/#?secret=AwyLnvaLDQ\" width=\"600\" height=\"338\" title=\"&#8220;De acordo com o C\u00f3digo Penal Militar, se o crime for cometido por inferiores juntamente com um ou mais oficiais, estes ser\u00e3o considerados cabe\u00e7as da a\u00e7\u00e3o delituosa&#8221; &#8212; Meu site jur\u00eddico\" data-secret=\"AwyLnvaLDQ\" frameborder=\"0\" marginwidth=\"0\" marginheight=\"0\" scrolling=\"no\" class=\"wp-embedded-content\"><\/iframe><script>\n\/*! This file is auto-generated *\/\n!function(d,l){\"use strict\";l.querySelector&&d.addEventListener&&\"undefined\"!=typeof URL&&(d.wp=d.wp||{},d.wp.receiveEmbedMessage||(d.wp.receiveEmbedMessage=function(e){var t=e.data;if((t||t.secret||t.message||t.value)&&!\/[^a-zA-Z0-9]\/.test(t.secret)){for(var s,r,n,a=l.querySelectorAll('iframe[data-secret=\"'+t.secret+'\"]'),o=l.querySelectorAll('blockquote[data-secret=\"'+t.secret+'\"]'),c=new RegExp(\"^https?:$\",\"i\"),i=0;i<o.length;i++)o[i].style.display=\"none\";for(i=0;i<a.length;i++)s=a[i],e.source===s.contentWindow&&(s.removeAttribute(\"style\"),\"height\"===t.message?(1e3<(r=parseInt(t.value,10))?r=1e3:~~r<200&&(r=200),s.height=r):\"link\"===t.message&&(r=new URL(s.getAttribute(\"src\")),n=new URL(t.value),c.test(n.protocol))&&n.host===r.host&&l.activeElement===s&&(d.top.location.href=t.value))}},d.addEventListener(\"message\",d.wp.receiveEmbedMessage,!1),l.addEventListener(\"DOMContentLoaded\",function(){for(var e,t,s=l.querySelectorAll(\"iframe.wp-embedded-content\"),r=0;r<s.length;r++)(t=(e=s[r]).getAttribute(\"data-secret\"))||(t=Math.random().toString(36).substring(2,12),e.src+=\"#?secret=\"+t,e.setAttribute(\"data-secret\",t)),e.contentWindow.postMessage({message:\"ready\",secret:t},\"*\")},!1)))}(window,document);\n<\/script>\n","thumbnail_url":"https:\/\/cdn.meusitejuridico.com.br\/s.meusitejuridico\/2019\/12\/a5733f5a-question-mark-1098294-640.jpg","thumbnail_width":640,"thumbnail_height":640,"description":"CERTO O art. 53, \u00a7 5\u00ba, do C\u00f3digo Penal Militar estabelece que \u201cQuando o crime \u00e9 cometido por inferiores e um ou mais oficiais, s\u00e3o estes considerados cabe\u00e7as, assim como os inferiores que exercem fun\u00e7\u00e3o de oficial\u201d. O dispositivo presume portanto que o oficial \u2013 ou quem exerce a fun\u00e7\u00e3o \u2013\u00a0 \u00e9 o dirigente da [&hellip;]"}

Meu site jurídico

Equipe Meu Site Jurídico

De acordo com o Código Penal Militar, se o crime for cometido por inferiores juntamente com um ou mais oficiais, estes serão considerados cabeças da ação delituosa - Meu site jurídico

<blockquote class="wp-embedded-content" data-secret="AwyLnvaLDQ"><a href="https://meusitejuridico.com.br/2021/05/26/de-acordo-com-o-codigo-penal-militar-se-o-crime-cometido-por-inferiores-juntamente-com-um-ou-mais-oficiais-estes-serao-considerados-cabecas-da-acao-delituosa/">De acordo com o Código Penal Militar, se o crime for cometido por inferiores juntamente com um ou mais oficiais, estes serão considerados cabeças da ação delituosa</a></blockquote><iframe sandbox="allow-scripts" security="restricted" src="https://meusitejuridico.com.br/2021/05/26/de-acordo-com-o-codigo-penal-militar-se-o-crime-cometido-por-inferiores-juntamente-com-um-ou-mais-oficiais-estes-serao-considerados-cabecas-da-acao-delituosa/embed/#?secret=AwyLnvaLDQ" width="600" height="338" title="&#8220;De acordo com o Código Penal Militar, se o crime for cometido por inferiores juntamente com um ou mais oficiais, estes serão considerados cabeças da ação delituosa&#8221; &#8212; Meu site jurídico" data-secret="AwyLnvaLDQ" frameborder="0" marginwidth="0" marginheight="0" scrolling="no" class="wp-embedded-content"></iframe><script>
/*! This file is auto-generated */
!function(d,l){"use strict";l.querySelector&&d.addEventListener&&"undefined"!=typeof URL&&(d.wp=d.wp||{},d.wp.receiveEmbedMessage||(d.wp.receiveEmbedMessage=function(e){var t=e.data;if((t||t.secret||t.message||t.value)&&!/[^a-zA-Z0-9]/.test(t.secret)){for(var s,r,n,a=l.querySelectorAll('iframe[data-secret="'+t.secret+'"]'),o=l.querySelectorAll('blockquote[data-secret="'+t.secret+'"]'),c=new RegExp("^https?:$","i"),i=0;i<o.length;i++)o[i].style.display="none";for(i=0;i<a.length;i++)s=a[i],e.source===s.contentWindow&&(s.removeAttribute("style"),"height"===t.message?(1e3<(r=parseInt(t.value,10))?r=1e3:~~r<200&&(r=200),s.height=r):"link"===t.message&&(r=new URL(s.getAttribute("src")),n=new URL(t.value),c.test(n.protocol))&&n.host===r.host&&l.activeElement===s&&(d.top.location.href=t.value))}},d.addEventListener("message",d.wp.receiveEmbedMessage,!1),l.addEventListener("DOMContentLoaded",function(){for(var e,t,s=l.querySelectorAll("iframe.wp-embedded-content"),r=0;r<s.length;r++)(t=(e=s[r]).getAttribute("data-secret"))||(t=Math.random().toString(36).substring(2,12),e.src+="#?secret="+t,e.setAttribute("data-secret",t)),e.contentWindow.postMessage({message:"ready",secret:t},"*")},!1)))}(window,document);
</script>

CERTO O art. 53, § 5º, do Código Penal Militar estabelece que “Quando o crime é cometido por inferiores e um ou mais oficiais, são estes considerados cabeças, assim como os inferiores que exercem função de oficial”. O dispositivo presume portanto que o oficial – ou quem exerce a função –  é o dirigente da [&hellip;]
