{"version":"1.0","provider_name":"Meu site jur\u00eddico","provider_url":"https:\/\/meusitejuridico.com.br","author_name":"Eduardo Luiz Santos Cabette","author_url":"https:\/\/meusitejuridico.com.br\/author\/503679806421\/","title":"Policial \u00e9 ser humano: age em leg\u00edtima defesa sim! - Meu site jur\u00eddico","type":"rich","width":600,"height":338,"html":"<blockquote class=\"wp-embedded-content\" data-secret=\"dR6BaUA6xN\"><a href=\"https:\/\/meusitejuridico.com.br\/2021\/07\/05\/policial-e-ser-humano-age-em-legitima-defesa-sim\/\">Policial \u00e9 ser humano: age em leg\u00edtima defesa sim!<\/a><\/blockquote><iframe sandbox=\"allow-scripts\" security=\"restricted\" src=\"https:\/\/meusitejuridico.com.br\/2021\/07\/05\/policial-e-ser-humano-age-em-legitima-defesa-sim\/embed\/#?secret=dR6BaUA6xN\" width=\"600\" height=\"338\" title=\"&#8220;Policial \u00e9 ser humano: age em leg\u00edtima defesa sim!&#8221; &#8212; Meu site jur\u00eddico\" data-secret=\"dR6BaUA6xN\" frameborder=\"0\" marginwidth=\"0\" marginheight=\"0\" scrolling=\"no\" class=\"wp-embedded-content\"><\/iframe><script>\n\/*! This file is auto-generated *\/\n!function(d,l){\"use strict\";l.querySelector&&d.addEventListener&&\"undefined\"!=typeof URL&&(d.wp=d.wp||{},d.wp.receiveEmbedMessage||(d.wp.receiveEmbedMessage=function(e){var t=e.data;if((t||t.secret||t.message||t.value)&&!\/[^a-zA-Z0-9]\/.test(t.secret)){for(var s,r,n,a=l.querySelectorAll('iframe[data-secret=\"'+t.secret+'\"]'),o=l.querySelectorAll('blockquote[data-secret=\"'+t.secret+'\"]'),c=new RegExp(\"^https?:$\",\"i\"),i=0;i<o.length;i++)o[i].style.display=\"none\";for(i=0;i<a.length;i++)s=a[i],e.source===s.contentWindow&&(s.removeAttribute(\"style\"),\"height\"===t.message?(1e3<(r=parseInt(t.value,10))?r=1e3:~~r<200&&(r=200),s.height=r):\"link\"===t.message&&(r=new URL(s.getAttribute(\"src\")),n=new URL(t.value),c.test(n.protocol))&&n.host===r.host&&l.activeElement===s&&(d.top.location.href=t.value))}},d.addEventListener(\"message\",d.wp.receiveEmbedMessage,!1),l.addEventListener(\"DOMContentLoaded\",function(){for(var e,t,s=l.querySelectorAll(\"iframe.wp-embedded-content\"),r=0;r<s.length;r++)(t=(e=s[r]).getAttribute(\"data-secret\"))||(t=Math.random().toString(36).substring(2,12),e.src+=\"#?secret=\"+t,e.setAttribute(\"data-secret\",t)),e.contentWindow.postMessage({message:\"ready\",secret:t},\"*\")},!1)))}(window,document);\n<\/script>\n","thumbnail_url":"https:\/\/meusitejuridico.editorajuspodivm.com.br\/s.meusitejuridico\/2020\/07\/baf1f45d-shutterstock-397249174.jpg","thumbnail_width":1280,"thumbnail_height":852,"description":"Na onda midi\u00e1tica do famigerado \u201cCaso L\u00e1zaro\u201d vem a lume um artigo da lavra de Bottini e Rocha, alegando, desde o chamativo t\u00edtulo, que \u201cPolicial n\u00e3o age em leg\u00edtima defesa\u201d. [1] O argumento central est\u00e1 em afirmar que o instituto da leg\u00edtima defesa \u00e9 referido somente ao particular e n\u00e3o \u00e0 atua\u00e7\u00e3o do Estado. Em [&hellip;]"}

Meu site jurídico

Policial é ser humano: age em legítima defesa sim! - Meu site jurídico

<blockquote class="wp-embedded-content" data-secret="dR6BaUA6xN"><a href="https://meusitejuridico.com.br/2021/07/05/policial-e-ser-humano-age-em-legitima-defesa-sim/">Policial é ser humano: age em legítima defesa sim!</a></blockquote><iframe sandbox="allow-scripts" security="restricted" src="https://meusitejuridico.com.br/2021/07/05/policial-e-ser-humano-age-em-legitima-defesa-sim/embed/#?secret=dR6BaUA6xN" width="600" height="338" title="&#8220;Policial é ser humano: age em legítima defesa sim!&#8221; &#8212; Meu site jurídico" data-secret="dR6BaUA6xN" frameborder="0" marginwidth="0" marginheight="0" scrolling="no" class="wp-embedded-content"></iframe><script>
/*! This file is auto-generated */
!function(d,l){"use strict";l.querySelector&&d.addEventListener&&"undefined"!=typeof URL&&(d.wp=d.wp||{},d.wp.receiveEmbedMessage||(d.wp.receiveEmbedMessage=function(e){var t=e.data;if((t||t.secret||t.message||t.value)&&!/[^a-zA-Z0-9]/.test(t.secret)){for(var s,r,n,a=l.querySelectorAll('iframe[data-secret="'+t.secret+'"]'),o=l.querySelectorAll('blockquote[data-secret="'+t.secret+'"]'),c=new RegExp("^https?:$","i"),i=0;i<o.length;i++)o[i].style.display="none";for(i=0;i<a.length;i++)s=a[i],e.source===s.contentWindow&&(s.removeAttribute("style"),"height"===t.message?(1e3<(r=parseInt(t.value,10))?r=1e3:~~r<200&&(r=200),s.height=r):"link"===t.message&&(r=new URL(s.getAttribute("src")),n=new URL(t.value),c.test(n.protocol))&&n.host===r.host&&l.activeElement===s&&(d.top.location.href=t.value))}},d.addEventListener("message",d.wp.receiveEmbedMessage,!1),l.addEventListener("DOMContentLoaded",function(){for(var e,t,s=l.querySelectorAll("iframe.wp-embedded-content"),r=0;r<s.length;r++)(t=(e=s[r]).getAttribute("data-secret"))||(t=Math.random().toString(36).substring(2,12),e.src+="#?secret="+t,e.setAttribute("data-secret",t)),e.contentWindow.postMessage({message:"ready",secret:t},"*")},!1)))}(window,document);
</script>

Na onda midiática do famigerado “Caso Lázaro” vem a lume um artigo da lavra de Bottini e Rocha, alegando, desde o chamativo título, que “Policial não age em legítima defesa”. [1] O argumento central está em afirmar que o instituto da legítima defesa é referido somente ao particular e não à atuação do Estado. Em [&hellip;]
